 -42
22
Calculate 0 - (-10 - -8 - (0 - -15)).
17
17 - (37 - -16) - -59
23
What is the value of 27 + 3 + (23 - 27)?
26
What is 6 - (1 + -2 + 23 + -24)?
8
What is the value of 1 + 0 + 2 + (300 - 306)?
-3
Calculate (-14 - 18) + 28 - 18.
-22
What is the value of -25 + -16 + 15 + 3 + 0 + 1?
-22
What is 0 - 4 - (-4 + 12 + -6 + -32)?
26
-2 - (4 - -1) - (-2 - (-37 - -29))
-13
9 + (-14 + -9 - (-4 + 6))
-16
What is -18 + (4 - -1) + 41 + -47?
-19
-13 - (-12 - (6 - (-2 + 11)))
-4
What is -2 + 3 + 1 + -4 + 7 + -2?
3
Calculate -3 - -1 - (7 - 19) - (-2 - -2).
10
Calculate 23 + 12 + -29 - -14.
20
What is the value of (9 - (-7 + 16 + 5)) + 4?
-1
Evaluate -18 + -4 + 2 + 1 + 4 + 4.
-11
Evaluate 20 - ((-35 - 4) + 24).
35
What is 10 + -8 + 5 + -4 - (8 - 4)?
-1
Evaluate 1 - -4 - (-29 - -20).
14
What is the value of 12 + -10 + -8 + 6 + -23?
-23
What is the value of 525 - 557 - (-1 - 50)?
19
What is 1 - ((12 - 1) + -44 + 40 + 0)?
-6
7 + 0 + (9 - (7 + -3))
12
4 + (-21 - -4 - (1 - 9 - -1))
-6
Evaluate -10 + -2 + (288 - 305).
-29
(9 - (-1 + 10)) + 0 - -6
6
(1 - (-17 + -1)) + (-58 - -26 - -26)
13
What is -24 + 5 + -22 + 49?
8
Calculate (4 - (10 - 4)) + -17.
-19
-21 - -4 - (5 + -2 + -8)
-12
Evaluate 3 + 17 + (-8 - -2 - (-44 - -46)).
12
-52 - -6 - -20 - -36
10
Calculate -13 + 7 + 15 - -23.
32
(-6 - (-13 + 15 - 0)) + (-4 - -36)
24
Calculate (-21 - -14) + 2 - (0 + 9).
-14
-8 + -7 + -6 + 9 + -3
-15
What is 1 + 0 - (98 + -94)?
-3
What is the value of -510 + 463 + 0 + 27?
-20
What is the value of -1 + 1 + 1 - (6367 + -6338)?
-28
What is the value of (1 - 4 - 8) + 30 + -4?
15
Calculate 0 - (27 - 8) - -22 - (-1 - 3).
7
Evaluate 2 - 2 - (8 - (2 + 2) - -11).
-15
What is -4 + (0 - 3) + 1 + 2 + 13?
9
What is the value of -15 + 23 - (3 - -5) - -10?
10
What is -1 + 4 + 13 + -25?
-9
What is the value of (-9 - -7 - 11) + 9?
-4
Calculate 1 + 6 + (-1 - (-5 - -7) - 3).
1
Calculate -3 + 22 + -2 + (-11 - -5) - 7.
4
Evaluate (-8 + 25 - 26) + 7 + 0.
-2
What is the value of (131 - 135) + 0 + (1 - -2) + 27?
26
Evaluate 20 + (6 - (-17 + 57)).
-14
What is 4 + (6 - 16) - (2 - 17)?
9
What is the value of -9 + -5 + (-7 - -1) + 14?
-6
What is -2 + 0 - (289 - 293) - 8?
-6
Calculate (-1 - 0) + 3 + (3 + -28 - -20).
-3
Calculate 40 - 39 - (-1 - -2 - 8).
8
Calculate (-5 - (-4 + (2 + -5 - 4))) + -3.
3
(6 - 1) + (-8 + -15 + 19 - 14)
-13
Calculate (20 - (41 + -32)) + 19 + -1.
29
Evaluate -2 + 5 - (-10 - -3).
10
16 - (-7 - 2) - 22
3
8 + (0 - 2 - -3 - -1)
10
3 - (-16 + 17) - (0 - 3)
5
What is the value of -27 - (-41 + (-32 - -60))?
-14
Evaluate -240 + 232 - (0 + -11).
3
Calculate 7 - (-4 - -9 - (4 - (5 + -9))).
10
What is the value of 4 + (-24 - (-30 + 0))?
10
What is (22 - -1) + -663 + 640?
0
-5 + 23 - (-11 + (7 - -11))
11
-5 + -17 + 13 - 8
-17
Calculate 7 + (-14 - -13) - (13 - 1).
-6
What is (7 - -4) + (-3 + 5 - 1)?
12
Evaluate 19 + -60 + 18 + 18.
-5
Calculate -7 - 1 - (-38 - -47 - 5) - 12.
-24
Calculate 6 + -3 + -8 + 8 + 4.
7
(29 - (20 - -13)) + 20
16
Evaluate 0 + -11 - (21 - (-11 + 78)).
35
Calculate 21 + (13 - -18) + -32.
20
Calculate 1 - (30 + 0 + -35).
6
Evaluate -6 + -7 + -6 + 7 - 9.
-21
What is 14 - ((182 - 174) + 11 + 0)?
-5
What is (-91 - -103) + (3 - (3 + -1) - 1)?
12
3 + (25 + -13 - 2 - 34)
-21
Evaluate -10 - (22 + -31 + (3 - 4)).
0
What is 10 + (-15 - 23 - -23)?
-5
Evaluate 34 - 43 - (-41 + 72).
-40
Calculate -13 + 15 + -3 + 0 + -9 + -1.
-11
Calculate -11 + 17 + 0 - (-7 - -2).
11
What is 5 - -10 - 28 - (2 - 33)?
18
(-3 - -1 - (-12 + 13)) + -14
-17
What is the value of -29 + 20 + (7 - 8)?
-10
Evaluate (-10 - -27) + -6 + (7 - 3).
15
What is the value of 7 + (9 - ((9 - 0) + -10))?
17
-19 - (-67 - (-2 - 17))
29
What is the value of 0 - (-1 - 7) - ((-15 - 33) + 34)?
22
Calculate (11 - 6 - 7) + -3 + -14 + 4.
-15
(1 + 2 - (-5 + 12)) + (-3 - -18)
11
What is the value of 6 + -13 + 9 - (5 + -15 + 1)?
11
-25 + 2 - -23 - (-1 + -3)
4
What is -9 + 3 + -1 - (20 - 12)?
-15
What is the value of -14 + -2 - (-3 - 17)?
4
Evaluate -2 + 19 + -6 + -18 + -10.
-17
What is the value of (5 - (5 + -2 + -14)) + (23 - 31)?
8
What is -16 + 0 - (-23 + 2)?
5
What is (16 - 14) + 4 + 3?
9
Evaluate (2 - 13) + -15 + 17.
-9
Evaluate -3 + (-5 - 1) - (-320 - -335).
-24
Evaluate -1 - (4 + (-21 - -9)).
7
-10 + 3 + (31 - 4 - 32)
-12
Evaluate (18 - -22) + -40 + (-24 - (0 + -1)).
-23
What is the value of -218 - -197 - (-1 + -3)?
-17
What is the value of 10 + -18 - (-13 + 2 + -3)?
6
What is -1 + 8 - (-15 - (-25 - 15))?
-18
What is the value of (1 - -3) + -2 - (100 - 91)?
-7
What is 3 + 13 + -31 + 3?
-12
Calculate 24 + -21 + -6 - 16.
-19
What is 15 - (53 - -4 - 38)?
-4
-25 + (-5 - -60 - 30)
0
-15 - (-3 - 6) - -10 - -6
10
What is 6 - (2 + -2 + -3 - (-4 + 4))?
9
Calculate 3 - (3 - (3 + -1 + -1)).
1
Evaluate (-3 - -12) + 0 + 0.
9
What is the value of 2 - (5 + (2 - 14) + 7)?
2
What is -24 - (-14 + -1 + -1)?
-8
What is -568 - -596 - (58 + -1)?
-29
What is -17 + 21 - (-5 - -4)?
5
Evaluate 6 + 3 + (-6 - 3) + 11 + -8.
3
12 - ((-1 - -11) + 5)
-3
What is -4 - (15 - 7) - (-3 + -1)?
-8
Evaluate 2 - 18 - -1 - (109 - (-24 + 145)).
-3
What is (5 + -17 - -2) + 0?
-10
What is (-20 - -15) + (2 - 2) + -3?
-8
Calculate -11 + (-2 - -5) - (1 + (8 - 13)).
-4
What is the value of (-12 - 1) + 163 + -143?
7
Calculate (-4 + 6 - (12 - 5)) + -5.
-10
Evaluate -22 + -1 - 31 - -37.
-17
Calculate 0 + 1 + (-10 + 17 - 1).
7
5 + -1 + -1 + -27 + 15
-9
Calculate 182 - 193 - (-37 + -11).
37
Evaluate (3 - -2) + (12 + -13 - 14).
-10
Calculate (6 - 5) + 9 + -18 + 24.
16
11 - (-6 - (-13 - 3))
1
What is -1 + 0 - (-28 - (-23 + 9)) - 3?
10
What is 6 + -2 + (-11 - (-10 + (-10 - -30)))?
-17
-17 + -11 + (65 - 42)
-5
What is 59 + (10 - 17) - 19?
33
Evaluate (7 + -1 - -5) + (-2 - -2 - -5).
16
Evaluate (-2 - (-9 + 26)) + 15.
-4
Calculate -5 - (6 + (5 - 13)) - 2.
-5
Calculate 0 + 1 + (4 + -1 - (1 - -11)).
-8
Evaluate 9 + -7 - 13 - (-10 + -9).
8
-4 + -8 + -8 - -3
-17
Calculate 4 - (-8 + (19 - 2) + 0 - -4).
-9
What is 0 + (4 - 9) - (4 - -1)?
-10
What is the value of -2 + -7 - -20 - ((12 - 3) + -11)?
13
Evaluate 8 + (-4 + -6 + -4 - 0).
-6
Evaluate 4 + -1 + 1 + (19 - 25).
-2
What is the value of 29 + -39 + (4 - -10)?
4
What is the value of 4 - 2 - (37 - 44) - -27?
36
What is the value of -10 + (-6 - 0) + 7?
-9
What is the value of -3 - (1 - (0 + 2 - 8)) - 1?
-11
What is the value of -8 + (2 - -2) + -14 + 22?
4
3 - 0 - (-19 - (-25 - -5))
2
What is the value of 11 - (8 + -7) - 12?
-2
What is the value of -30 - -2 - (193 + -222)?
1
4 - 23 - (-1 - 34)
16
Calculate 3 - -1 - (-272 + 265).
11
What is the value of 13 + (12 + -21 - 9)?
-5
(-23 - 14) + 90 - 30
23
What is -7 - (4 + -6 + -14) - -11?
20
Calculate -9 + 3 - ((-10 - -4) + -17).
17
Calculate -9 + (-7 - -21) - -7.
12
What is (3 - 36) + (-2 + 2 + 14 - 4)?
-23
What is the value of -9 + 0 - -1 - (335 + -336)?
-7
Evaluate -15 + -1 + -16 + 26.
-6
What is the value of 3 - (5 - (0 - -6) - -7)?
-3
Evaluate -12 - (-6 + -7) - 14 - 4.
-17
Evaluate -8 - (462 + -488 + (15 - 0)).
3
Evaluate (-2 - 6 - -11) + -8 - 17.
-22
16 - (10 - (7 - 7))
6
What is 6 + (-3 - 12 - (2 + -11)) + 6?
6
What is the value of (-13 - (-10 - -4)) + (0 - 0) + 6?
-1
20 - (25 + -30 + 23)
2
9 + 0 - 17 - -19
11
Evaluate 13 - (-13 - 8 - -37).
-3
What is (6 - 7) + 3 - (-1 + 2)?
1
-6 - (-8 - (0 + -7 + 1))
-4
What is the value of (31 - 6) + -51 + 9?
-17
What is the value of 1 - -2 - -4 - ((9 - -3) + -5)?
0
(-7 - (-11 + 4)) + 4 + -17 + -1
-14
What is the value of -1 - 9 - (-23 - (-15 - 12))?
-14
What is the value of -2 + 8 + 8 + -13 + 2?
3
What is the value of -7 + 19 - ((6 - -28) + (11 - 11))?
-22
Calculate -1 - (0 - -5 - (-56 + 69)).
7
Calculate 6 - (-9 + 13) - (-3 + -2 + 8).
-1
What is the value of -18 - (-39 + 12 + -14)?
23
1 + 8 + (-6 - 1 - -12) + 14
28
1 + 6 - ((-105 - -61) + 33)
18
Calculate 2 + 0 - ((-4 - 5) + -3 + 22).
-8
Evaluate (2 - (-9 - -22)) + 13.
2
What is -5 + (2 - (13 - 7 - 11))?
2
Calculate 13 - 16 - (-5 - -3 - -1).
-2
(-2 - 0) + (-8 - (-5 - (3 + -5)))
-7
What is -1 - 31 - (-1209 + 1180)?
-3
What is (-1 - -1) + (-1 - (-1 + 8 + -17))?
9
What is the value of 79 + -77 + (-2 - 10)?
-10
Evaluate (-2 - -9 - (-4 + 8)) + 2 - -3.
8
(-10 - -12) + 1 - 6 - -2
-1
What is (24 - (9 + 22)) + 42?
35
Evaluate 17 + -9 - (-9 + 32).
-15
(12 - (-29 - -28)) + -15
-2
What is the value of 21 + (-35 - 